{"id":952,"date":"2021-06-02T09:25:22","date_gmt":"2021-06-02T09:25:22","guid":{"rendered":"http:\/\/fastwpdemo.com\/newwp\/whitehall\/?page_id=952"},"modified":"2026-03-12T16:31:18","modified_gmt":"2026-03-12T16:31:18","slug":"contact","status":"publish","type":"page","link":"https:\/\/fabrinorsa.com.ar\/index.php\/contact\/","title":{"rendered":"Contact"},"content":{"rendered":"\t\t<div data-elementor-type=\"wp-page\" data-elementor-id=\"952\" class=\"elementor elementor-952\">\n\t\t\t\t\t\t\t\t\t<section class=\"elementor-section elementor-top-section elementor-element elementor-element-5b10da1 elementor-section-boxed elementor-section-height-default elementor-section-height-default\" data-id=\"5b10da1\" data-element_type=\"section\">\n\t\t\t\t\t\t<div class=\"elementor-container elementor-column-gap-default\">\n\t\t\t\t\t<div class=\"elementor-column elementor-col-100 elementor-top-column elementor-element elementor-element-487c4552\" data-id=\"487c4552\" data-element_type=\"column\">\n\t\t\t<div class=\"elementor-widget-wrap elementor-element-populated\">\n\t\t\t\t\t\t\t\t<div class=\"elementor-element elementor-element-65ecc6de elementor-widget elementor-widget-text-editor\" data-id=\"65ecc6de\" data-element_type=\"widget\" data-widget_type=\"text-editor.default\">\n\t\t\t\t<div class=\"elementor-widget-container\">\n\t\t\t<style>\/*! elementor - v3.8.0 - 30-10-2022 *\/\n.elementor-widget-text-editor.elementor-drop-cap-view-stacked .elementor-drop-cap{background-color:#818a91;color:#fff}.elementor-widget-text-editor.elementor-drop-cap-view-framed .elementor-drop-cap{color:#818a91;border:3px solid;background-color:transparent}.elementor-widget-text-editor:not(.elementor-drop-cap-view-default) .elementor-drop-cap{margin-top:8px}.elementor-widget-text-editor:not(.elementor-drop-cap-view-default) .elementor-drop-cap-letter{width:1em;height:1em}.elementor-widget-text-editor .elementor-drop-cap{float:left;text-align:center;line-height:1;font-size:50px}.elementor-widget-text-editor .elementor-drop-cap-letter{display:inline-block}<\/style>\t\t\t\t<iframe loading=\"lazy\" style=\"border: 0;\" src=\"https:\/\/www.google.com\/maps\/embed?pb=!1m0!3m2!1ses!2sar!4v1435074432109!6m8!1m7!1sHsc1ru1zt6rU7D8BiqK7Zg!2m2!1d-32.773176!2d-61.61061!3f223.91314565651157!4f-2.352113180930232!5f0.7820865974627469\" width=\"100%\" height=\"600\" frameborder=\"0\" allowfullscreen=\"allowfullscreen\"><\/iframe>\n<!-- contact-information -->\t\t\t\t\t\t<\/div>\n\t\t\t\t<\/div>\n\t\t\t\t<div class=\"elementor-element elementor-element-0d0d038 elementor-widget elementor-widget-whitehall_contact_info\" data-id=\"0d0d038\" data-element_type=\"widget\" data-widget_type=\"whitehall_contact_info.default\">\n\t\t\t\t<div class=\"elementor-widget-container\">\n\t\t\t        \n        <!-- contact-information -->\n        <section class=\"contact-information\">\n            <div class=\"auto-container\">\n                <div class=\"row clearfix\">\n                    <div class=\"col-lg-5 col-md-6 col-sm-12 content-column\">\n                        <div class=\"content_block_12\">\n                            <div class=\"content-box\">\n                                <div class=\"sec-title\">\n                                    <h6><i class=\"flaticon-star\"><\/i><span>\u00bfnecesitas nuestros productos o servicios?<\/span><\/h6>\n                                    <h2>Contactanos<\/h2>\n                                    <div class=\"title-shape\"><\/div>\n                                <\/div>\n                                <div class=\"text\">\n                                    <p>Nuestra \u00e1rea de atenci\u00f3n al cliente est\u00e1 a disposici\u00f3n\npara una r\u00e1pida respuesta a tus consultas.<\/p>\n                                                                        <div class=\"contact_box_n two\">\n                                        <p>\n                                            <span><i class=\"fa fa fa-map-marker\"><\/i>Direcci\u00f3n : <\/span>\n                                            Juan B. Alberdi N\u00ba 2397, 2508 - Armstrong - Santa Fe - Argentina                                        <\/p>\n                                    <\/div>\n                                                                        <div class=\"contact_box_n two\">\n                                        <p>\n                                            <span><i class=\"fa fa fa-envelope\"><\/i>E-mail : <\/span>\n                                            ventas@fabrinorsa.com.ar                                        <\/p>\n                                    <\/div>\n                                                                        <div class=\"contact_box_n two\">\n                                        <p>\n                                            <span><i class=\"fa fa fa-phone\"><\/i>Tel\u00e9fono :  <\/span>\n                                            03471-490123                                        <\/p>\n                                    <\/div>\n                                                                        <div class=\"contact_box_n two\">\n                                        <p>\n                                            <span><i class=\"fa fa fa-mobile\"><\/i>Tel\u00e9fono : <\/span>\n                                            +54 9 3471 52-9985                                        <\/p>\n                                    <\/div>\n                                                                        <div class=\"contact_box_n two\">\n                                        <p>\n                                            <span><i class=\"fa fa fa-clock\"><\/i>Atenci\u00f3n: <\/span>\n                                            Lun a Jue: 6 a 15 hs - Vie 6 a 14 hs                                        <\/p>\n                                    <\/div>\n                                                                    <\/div>\n\t\t\t\t\t\t\t\t\n\t\t\t\t\t\t\t\t                            <\/div>\n                        <\/div>\n                    <\/div>\n                    \n                    <div class=\"col-lg-7 col-md-12 col-sm-12 contact-column\">\n                        <div class=\"contact_form_box\">\n                            \n                                                        <div id=\"contact-form\" class=\"default-form\">\n                                <div role=\"form\" class=\"wpcf7\" id=\"wpcf7-f955-o1\" lang=\"en-US\" dir=\"ltr\">\n<div class=\"screen-reader-response\"><p role=\"status\" aria-live=\"polite\" aria-atomic=\"true\"><\/p> <ul><\/ul><\/div>\n<form action=\"\/index.php\/wp-json\/wp\/v2\/pages\/952#wpcf7-f955-o1\" method=\"post\" class=\"wpcf7-form init\" novalidate=\"novalidate\" data-status=\"init\">\n<div style=\"display: none;\">\n<input type=\"hidden\" name=\"_wpcf7\" value=\"955\" \/>\n<input type=\"hidden\" name=\"_wpcf7_version\" value=\"5.6.4\" \/>\n<input type=\"hidden\" name=\"_wpcf7_locale\" value=\"en_US\" \/>\n<input type=\"hidden\" name=\"_wpcf7_unit_tag\" value=\"wpcf7-f955-o1\" \/>\n<input type=\"hidden\" name=\"_wpcf7_container_post\" value=\"0\" \/>\n<input type=\"hidden\" name=\"_wpcf7_posted_data_hash\" value=\"\" \/>\n<input type=\"hidden\" name=\"_wpcf7_recaptcha_response\" value=\"\" \/>\n<\/div>\n<div class=\"row clearfix\">\n<div class=\"col-lg-6 col-md-6 col-sm-12 big-column\">\n<div class=\"form-group\"><span class=\"wpcf7-form-control-wrap\" data-name=\"your-name\"><input type=\"text\" name=\"your-name\" value=\"\" size=\"40\" class=\"wpcf7-form-control wpcf7-text wpcf7-validates-as-required\" aria-required=\"true\" aria-invalid=\"false\" placeholder=\"Your Name\" \/><\/span><\/div>\n<div class=\"form-group\"><span class=\"wpcf7-form-control-wrap\" data-name=\"your-email\"><input type=\"email\" name=\"your-email\" value=\"\" size=\"40\" class=\"wpcf7-form-control wpcf7-text wpcf7-email wpcf7-validates-as-required wpcf7-validates-as-email\" aria-required=\"true\" aria-invalid=\"false\" placeholder=\"Email Address\" \/><\/span><\/div>\n<div class=\"form-group\"><span class=\"wpcf7-form-control-wrap\" data-name=\"your-subject\"><input type=\"text\" name=\"your-subject\" value=\"\" size=\"40\" class=\"wpcf7-form-control wpcf7-text wpcf7-validates-as-required\" aria-required=\"true\" aria-invalid=\"false\" placeholder=\"Subject\" \/><\/span><\/div>\n<\/div>\n<div class=\"col-lg-6 col-md-6 col-sm-12 big-column\">\n<div class=\"form-group\"><span class=\"wpcf7-form-control-wrap\" data-name=\"your-message\"><textarea name=\"your-message\" cols=\"40\" rows=\"10\" class=\"wpcf7-form-control wpcf7-textarea\" aria-invalid=\"false\" placeholder=\"Write Your Message ...\"><\/textarea><\/span><\/div>\n<\/div>\n<div class=\"col-lg-12 col-md-12 col-sm-12 big-column\">\n<div class=\"message-btn centred\"><input type=\"submit\" value=\"Send Message\" class=\"wpcf7-form-control has-spinner wpcf7-submit theme-btn\" \/><\/div>\n<\/div>\n<\/div>\n<div class=\"wpcf7-response-output\" aria-hidden=\"true\"><\/div><\/form><\/div>                            <\/div>\n                                                    <\/div>\n                    <\/div>\n                    \n                <\/div>\n            <\/div>\n        <\/section>\n        <!-- contact-information end -->\n\n        \t\t<\/div>\n\t\t\t\t<\/div>\n\t\t\t\t\t<\/div>\n\t\t<\/div>\n\t\t\t\t\t\t\t<\/div>\n\t\t<\/section>\n\t\t\t\t\t\t\t<\/div>\n\t\t","protected":false},"excerpt":{"rendered":"<p>\u00bfnecesitas nuestros productos o servicios? Contactanos Nuestra \u00e1rea de atenci\u00f3n al cliente est\u00e1 a disposici\u00f3n para una r\u00e1pida respuesta a tus consultas. Direcci\u00f3n : Juan B. Alberdi N\u00ba 2397, 2508 [&hellip;]<\/p>\n","protected":false},"author":1,"featured_media":0,"parent":0,"menu_order":0,"comment_status":"closed","ping_status":"closed","template":"tpl-default-elementor.php","meta":{"om_disable_all_campaigns":false,"_monsterinsights_skip_tracking":false,"_monsterinsights_sitenote_active":false,"_monsterinsights_sitenote_note":"","_monsterinsights_sitenote_category":0},"aioseo_notices":[],"_links":{"self":[{"href":"https:\/\/fabrinorsa.com.ar\/index.php\/wp-json\/wp\/v2\/pages\/952"}],"collection":[{"href":"https:\/\/fabrinorsa.com.ar\/index.php\/wp-json\/wp\/v2\/pages"}],"about":[{"href":"https:\/\/fabrinorsa.com.ar\/index.php\/wp-json\/wp\/v2\/types\/page"}],"author":[{"embeddable":true,"href":"https:\/\/fabrinorsa.com.ar\/index.php\/wp-json\/wp\/v2\/users\/1"}],"replies":[{"embeddable":true,"href":"https:\/\/fabrinorsa.com.ar\/index.php\/wp-json\/wp\/v2\/comments?post=952"}],"version-history":[{"count":34,"href":"https:\/\/fabrinorsa.com.ar\/index.php\/wp-json\/wp\/v2\/pages\/952\/revisions"}],"predecessor-version":[{"id":1923,"href":"https:\/\/fabrinorsa.com.ar\/index.php\/wp-json\/wp\/v2\/pages\/952\/revisions\/1923"}],"wp:attachment":[{"href":"https:\/\/fabrinorsa.com.ar\/index.php\/wp-json\/wp\/v2\/media?parent=952"}],"curies":[{"name":"wp","href":"https:\/\/api.w.org\/{rel}","templated":true}]}}